 base 8?
-435744
Convert 63426 (base 12) to base 14.
35646
Convert -4045511 (base 9) to base 7.
-24216625
What is 2232220222 (base 4) in base 9?
1310184
What is -12220011022012 (base 3) in base 9?
-5804265
Convert -27b22 (base 12) to base 6.
-1103242
-111101011001000110 (base 2) to base 5
-31021322
1321301 (base 6) to base 16
11cc5
-23a0a54 (base 11) to base 16
-3fb082
3012773 (base 8) to base 11
4a10a4
What is -12123013110 (base 4) in base 5?
-412341144
70d138 (base 14) to base 2
1110011111111001101110
What is -1815085 (base 10) in base 7?
-21266536
What is -200021112021 (base 3) in base 9?
-607467
-5431612 (base 7) to base 9
-1220814
Convert -81482 (base 12) to base 10.
-168290
What is -a2800 (base 11) in base 3?
-21121211001
Convert 1211122222100 (base 3) to base 14.
1b6387
Convert 42360363 (base 8) to base 5.
4303123034
3151444 (base 6) to base 13
554b3
36b20 (base 13) to base 4
120212032
What is 128020 (base 9) in base 15?
181b6
What is -30610132 (base 7) in base 11?
-14a892a
Convert -100001011110011110 (base 2) to base 11.
-94023
927544a (base 11) to base 12
5598907
3201468 (base 9) to base 10
1713536
What is -4236156 (base 7) in base 14?
-d522d
Convert 2504502 (base 7) to base 5.
40232302
What is -120202331 (base 4) in base 2?
-11000100010111101
What is -41443021 (base 5) in base 4?
-1103313113
Convert 121220212210 (base 3) to base 13.
b87a6
What is -144641463 (base 7) in base 11?
-5495141
Convert -457bb (base 13) to base 8.
-367146
Convert 704011 (base 9) to base 8.
1455015
Convert -22c894 (base 14) to base 3.
-2020022101220
-10100000011001000010011 (base 2) to base 16
-503213
What is 21120022002 (base 3) in base 2?
100100010111000110
Convert -50142 (base 12) to base 7.
-611561
Convert -22971 (base 13) to base 9.
-105533
173657 (base 11) to base 16
4181f
140507 (base 8) to base 2
1100000101000111
-39462 (base 10) to base 4
-21220212
Convert 13150443 (base 6) to base 15.
88a56
What is 64250 (base 9) in base 12?
20709
7442898 (base 10) to base 8
34310722
What is 3430114 (base 5) in base 2?
1110111101100100
Convert 44654 (base 13) to base 2.
11110010011010011
What is -19942 (base 11) in base 4?
-12301223
Convert -65410053 (base 7) to base 2.
-10101010110111111000010
Convert 3aa62 (base 14) to base 6.
3034022
1400 (base 9) to base 15
4a3
Convert -1001010111111100101 (base 2) to base 10.
-307173
What is 11985d3 (base 15) in base 10?
12633948
What is 5368936 (base 10) in base 5?
2333301221
What is -291153 (base 11) in base 12?
-19b645
Convert -c832 (base 16) to base 14.
-1496a
332310 (base 7) to base 4
32101200
What is 57aaa (base 11) in base 13?
2c222
What is 39baab8 (base 12) in base 3?
210112102202112
-2217754 (base 9) to base 13
-32a193
What is 54131242 (base 6) in base 12?
650b22
What is 469107 (base 15) in base 13?
9109a8
What is 15ac326 (base 14) in base 4?
220210301032
1656223 (base 10) to base 9
3103817
What is 2122322 (base 5) in base 8?
106172
Convert -66b53 (base 12) to base 16.
-214ef
What is -75449 (base 13) in base 7?
-1541024
Convert -36272a (base 12) to base 3.
-1122110211121
What is 9376104 (base 10) in base 6?
532543520
What is 24b8174 (base 13) in base 8?
53603721
What is 22112365 (base 7) in base 10?
1902472
c18ee (base 16) to base 11
4a1720
What is -212202001021 (base 3) in base 16?
-7217b
-14580806 (base 9) to base 11
-4107422
What is -1c53a (base 14) in base 9?
-120247
Convert 64747 (base 8) to base 3.
1101012010
111110111001110111 (base 2) to base 16
3ee77
Convert 103220331331 (base 4) to base 12.
1883591
43162313 (base 7) to base 13
9ba836
200210002211 (base 3) to base 7
3066532
Convert -a4b3 (base 12) to base 14.
-67b1
-2b09c6 (base 13) to base 12
-430634
-195a9 (base 12) to base 3
-1212221110
Convert -19abc (base 13) to base 8.
-142003
-318c7 (base 15) to base 4
-212120311
What is 25819 (base 15) in base 13?
4279b
What is 1002134312 (base 6) in base 4?
212312033210
What is -3acf7 (base 16) in base 3?
-110020102202
What is -1200020012 (base 3) in base 6?
-412352
Convert 5765c3 (base 15) to base 8.
17726010
-22102103013 (base 4) to base 15
-383de6
What is 5469 (base 12) in base 9?
13670
Convert 129b03 (base 14) to base 6.
21425543
What is -15e9d38 (base 15) in base 11?
-8aa0168
-84a (base 13) to base 3
-1221101
What is -141044212 (base 5) in base 12?
-2a9867
Convert -320420 (base 5) to base 2.
-10100111101111
-4496700 (base 12) to base 15
-12477c9
-1111144 (base 7) to base 9
-228274
What is 330620 (base 7) in base 2?
1110001001001100
Convert 106521 (base 11) to base 8.
513301
What is 418645 (base 10) in base 4?
1212031111
Convert -a0266 (base 12) to base 10.
-207726
What is -8675761 (base 9) in base 4?
-101300232100
Convert 45295 (base 11) to base 13.
23ac6
Convert 44388 (base 12) to base 15.
1bbb2
Convert -1a7173 (base 11) to base 3.
-121002210222
Convert 5035146 (base 7) to base 16.
91cfe
301220002 (base 4) to base 10
203266
b7381 (base 13) to base 8
1204662
Convert -6b819e (base 15) to base 4.
-103213000103
-35342666 (base 8) to base 10
-7718326
204230451 (base 6) to base 9
6633814
Convert -11100101000111000111110 (base 2) to base 9.
-15112336
What is 1220322 (base 4) in base 5?
203324
-81c6ea (base 16) to base 2
-100000011100011011101010
21202122102 (base 3) to base 9
252572
What is -10010001001011001011100 (base 2) in base 5?
-2204211314
297148 (base 13) to base 6
33432111
What is -2851193 (base 10) in base 15?
-3b4be8
-22b087b (base 12) to base 3
-110121100021012
Convert -2790931 (base 12) to base 16.
-789235
What is -3219b (base 16) in base 5?
-23031321
-10340104 (base 6) to base 14
-805cc
Convert 12022550 (base 7) to base 15.
16068e
-1977466 (base 10) to base 16
-1e2c7a
What is -8a38c (base 15) in base 16?
-6b505
What is -2b172 (base 16) in base 5?
-21121443
What is 1201010110000 (base 3) in base 16?
dda99
202213440 (base 5) to base 14
174b02
Convert 25150 (base 8) to base 12.
6348
-1ab56 (base 15) to base 4
-111032103
-3001230 (base 5) to base 12
-232a1
Convert 2601214 (base 7) to base 12.
142954
What is 20c81 (base 15) in base 11?
71210
-102320530 (base 7) to base 11
-3466720
1377ff (base 16) to base 5
311312103
Convert 21021212101 (base 3) to base 6.
3024231
What is -b072 (base 12) in base 5?
-1102334
-4c8953 (base 14) to base 12
-a71611
Convert 13877043 (base 9) to base 12.
23895a9
-591bba (base 13) to base 15
-2bc718
Convert 143a63 (base 13) to base 12.
1b99a3
What is -100110100110011001111101 (base 2) in base 11?
-5791432
Convert 35307 (base 8) to base 12.
885b
294577 (base 10) to base 3
112222002021
What is 17b94 (base 12) in base 13?
12940
33125122 (base 7) to base 14
541749
-34466 (base 10) to base 6
-423322
111000001000000111 (base 2) to base 8
701007
What is -303320320 (base 4) in base 2?
-110011111000111000
Convert -101152161 (base 7) to base 8.
-26432750
Convert 120111010222022 (base 3) to base 14.
11435b1
6034642 (base 8) to base 14
2d4814
What is -1113231111 (base 5) in base 12?
-9b5573
Convert 1641064 (base 7) to base 4.
313302010
74561014 (base 8) to base 16
f2e20c
Convert a129 (base 14) to base 5.
1341143
Convert 227515 (base 10) to base 15.
4762a
Convert 20003 (base 8) to base 16.
2003
Convert -66c4 (base 15) to base 12.
-10734
What is 7f980a (base 16) in base 6?
455120534
What is 15d126 (base 14) in base 10?
765806
-4212325 (base 6) to base 13
-71b37
Convert 2101212100001 (base 3) to base 7.
13565140
-32b918 (base 15) to base 14
-46d576
Convert 664783 (base 9) to base 7.
3243033
What is 2990 (base 12) in base 4?
1023330
What is -5344155 (base 6) in base 9?
-440348
-20001311023 (base 4) to base 13
-588c73
What is -200210101112001 (base 3) in base 6?
-554015514
Convert 13a714 (base 15) to base 6.
32142214
What is -23132110012 (base 4) in base 12?
-101071a
Convert -345d1 (base 14) to base 9.
-213661
Convert 3244230 (base 5) to base 3.
2212002010
What is -5039b3 (base 13) in base 15?
-26c79d
Convert 8493 (base 11) to base 3.
120102002
-47191 (base 14) to base 8
-522213
What is -1301231101 (base 4) in base 5?
-104400440
What is 26238 (base 9) in base 3?
220021022
What is 2016112 (base 8) in base 6?
15220442
What is -3180a (base 12) in base 6?
-1221214
Convert 153246166 (base 7) to base 9.
21308581
-319a87 (base 11) to base 10
-511078
Convert 5451003 (base 6) to base 12.
110a63
What is -2f